+ 2. Let v be d(-3). Let r(h) be the third derivative of 0*h - 1/60*h**5 - 2 - 1/4*h**4 - 1/2*h**3 - 29*h**2. Give r(v).
5
Let x(v) be the second derivative of -v**6/720 + v**5/60 + 17*v**4/12 - 3*v**2 - 2*v + 223. Let z(k) be the third derivative of x(k). Let w = 0 + 1. Give z(w).
1
Let t(p) = -4*p - 35. Suppose 2822*u - 81 + 207 = 2804*u. Determine t(u).
-7
Let g(q) = -9*q - q**2 - 466 + 413 + 25*q. Give g(12).
-5
Let v(h) = h**3 + 6*h**2 + h + 9. Let k(o) = 3*o**3 + 13*o**2 + o + 19. Let z(j) = 2*k(j) - 5*v(j). Let a be (-1)/(-15)*654*5. Let n = -213 + a. Give z(n).
3
Let h(g) = 4*g**2 + 19*g + 22. Let y(z) = -z**2 - 4*z - 5. Let c(d) = 2*h(d) + 9*y(d). Determine c(-6).
-49
Let k(t) = 6*t**2 + 2*t + 1. Let y(r) = -5*r - 4. Let s be y(34). Let n = 176 + s. Give k(n).
29
Let d(t) = 2*t + 383. Let i(l) = -2*l - 196. Let c(h) = d(h) + 2*i(h). Suppose 0*r + 3*r = b - 10, 3*r + 16 = -2*b. Calculate c(r).
-1
Let w(p) be the first derivative of -p**4/4 - 11*p**3/3 + p**2/2 + p - 936. What is w(-11)?
-10
Suppose o - 3 = 5*m + 7, 4*m = -5*o - 37. Suppose 3*i + 14 = -4*l, -4*l + 7 = -4*i - 7*l. Let j(k) = 2*k**2 + 92 - 33 - 5*k - 31 - 31 - 3*k**i. Determine j(o).
-3
Let f(o) = -2*o**3 + 19*o**2 + 22*o - 24. Let d(a) = a**3 + a**2. Let y(l) = d(l) + f(l). Determine y(21).
-3
Let l(c) be the third derivative of -c**5/60 + c**4/4 + c**3/3 + 2*c**2. Let f be (0 + (-6)/15)*125. Let u = f - -56. Determine l(u).
2
Let x = 4705 + -4704. Let g(o) = 16*o**2 - 7*o + 2. Give g(x).
11
Let f(h) be the second derivative of -h**5/5 - h**3/6 - h**2 - 14*h. Let v be f(-1). Suppose -v*b = 2*b + 20. Let d(z) = -z + 4. Give d(b).
8
Let w(z) = 37*z + 96. Suppose -k + 3*m - 77 + 59 = 0, -11 = 2*k - m. Give w(k).
-15
Suppose 155 = -6*u + 239. Let h(p) = 1 + 10*p + 8*p + 8*p - 32*p + u*p. Suppose 3*y - y = -5*d + 2, 2*y = -3*d + 2. Calculate h(y).
9
Let b be -7 + (-6 - -8 - -9). Suppose -4*i = b*f + 36, i + 3*f - 6*f - 11 = 0. Let k(o) = -o**3 - 7*o**2 - 7*o - 5. Determine k(i).
-25
Let i(v) = -93*v**2 - 369*v + 22. Let t be i(-4). Let f(s) = -2*s - 7. Determine f(t).
-27
Suppose 4*z - 1144 = -18*z. Suppose 108 = -40*f - z. Let s(c) = -c + 1. Determine s(f).
5
Suppose 0 = 4*w, -4*d - 20*w = -18*w - 4. Let t(g) = 6*g**3 - 3*g**3 - 657*g**2 + 659*g**2 - d. Calculate t(1).
4
Let s(x) = -8*x**2 - 160161*x + 4 - x**3 + 160153*x - 2. Calculate s(-8).
66
Let a(v) = -3*v - 1. Let q = -120 + 118. Let n = q + 3. Give a(n).
-4
Let g(m) be the first derivative of -m**3/3 + 13*m**2/2 + 140*m + 3283. Give g(-7).
0
Let r be (-12 + 2)*2/(-10). Let c(f) = -74*f**2 + 138*f**r + f**3 - 60*f**2. What is c(-4)?
0
Let i(x) be the first derivative of x**4/4 - 7*x**3/3 + 3*x**2 - 8*x - 155. Suppose -h - 2 = -8. What is i(h)?
-8
Let d(j) = -75*j + 25*j + 22*j + 25*j + 230 - 211. Determine d(8).
-5
Let c(z) = -z**3 - 3*z**2 + 13*z + 9. Let g = 10943 + -10948. What is c(g)?
-6
Let y(v) be the first derivative of 87 + 0*v + v**2 - 4/3*v**3. Let l be 3 + -2 + 2/2. What is y(l)?
-12
Let g(b) be the first derivative of -2 - 7/4*b**4 - b + b**2 - 2/3*b**3. Suppose -6*y - 527 = -533. Give g(y).
-8
Let d(a) = -567*a - 77. Let p(z) = z**3 + 3*z**2 - 15*z - 19. Let y be p(-5). Let k(r) = 44*r + 6. Let h(o) = y*d(o) + 77*k(o). Calculate h(-1).
14
Let z(x) = x**3 + 6*x**2 + 7*x + 5. Suppose 0 = 2*o - 7*c - 18, -29*o = -25*o + 5*c + 40. Determine z(o).
-5
Suppose 2*t + 30 = -2*v - 34, 3*t = -15. Let s(l) = 2*l + 47. Let n be s(v). Let h(p) = p + 12. What is h(n)?
5
Let v be 2/(-8) - (483/28)/3. Let z(h) be the third derivative of -h**5/15 - h**4/4 - 3*h**3/2 - 23*h**2. Let q(u) = u**2. Let x(d) = -3*q(d) - z(d). Give x(v).
9
Let j(z) = -13 - 1327*z - 2*z**2 - z**3 + 1334*z - 4*z**2. Give j(-6).
-55
Let x(c) = 8*c**2 - 2*c. Let a(l) = -14*l + 67. Let d be a(27). Let h = -309 - d. Calculate x(h).
28
Let k(c) be the first derivative of -c**3/3 - 15*c**2/2 - 18*c + 299. Determine k(-10).
32
Suppose 18 = -20*f + 17*f. Let k be (f/5)/((-44)/(-330)). Let i(p) = -p**2 - 7*p + 11. What is i(k)?
-7
Let j(o) = o + 30. Let u be (-8)/(-2) + -9 - (4 + 15). Give j(u).
6
Let x(r) = -14*r - 182. Let u(b) = b - 38. Let z(s) = 5*u(s) - x(s). Calculate z(1).
11
Let g(r) be the first derivative of r**4/2 - 10*r**3/3 + 9*r**2/2 + 7*r - 1. Let w be g(6). Let y = -126 + w. Let v(j) = j**2 - 10*j + 3. Calculate v(y).
-18
Let s(h) be the third derivative of -1/24*h**4 + 1/6*h**3 - 30*h**2 + 7/120*h**6 + 0*h - 1/60*h**5 + 0. Calculate s(1).
6
Let p(s) = -16 + 3*s + 4*s - 3*s. Suppose 3*c - 25 = -5*j - 2*c + 9*c, 4*c = 0. Determine p(j).
4
Let x(v) = v**3 - 22*v**2 + 38*v + 81. Let t be x(20). Let h(u) = -123 + 32 + 30 + t + u. Calculate h(13).
-7
Let o(a) = 16420*a**2 - 32846*a**2 + 5 + 3*a + 16430*a**2 - 2*a**3. Calculate o(4).
-47
Let y = 5019 + -5043. Let f(j) = j**2 + 22*j - 27. Give f(y).
21
Let r(j) be the third derivative of j**6/120 + 11*j**5/60 + j**4/2 + 3*j**3 - 2404*j**2. Give r(-10).
-2
Let a(t) = -2*t - 1. Let u(s) = s + 1. Let n(x) = x + 1. Let l be n(8). Let z be (-6)/l*(-1 - 8). Let i(m) = z*a(m) + 3*u(m). Determine i(-2).
15
Let p(u) = -5*u**2 + 164*u + 27. Let f(l) = -l**2 + 175*l + 2277. Let n be f(-12). Calculate p(n).
-6
Let a = 45/16 - 667/240. Let y(o) be the third derivative of 0*o - 7*o**2 + 1/120*o**6 - a*o**5 + 0 + 1/3*o**3 - 1/24*o**4. Give y(2).
0
Let h be 12/2 + 6 + (-11)/(11/7). Let a(d) = -d**2 + 15*d - 55. What is a(h)?
-5
Let m(k) = -7*k - 181. Let p(a) = 28*a + 366. Let y(h) = -5*m(h) - 2*p(h). What is y(8)?
5
Let m(y) = 10*y + 32. Let j(f) = 68 - 2*f - 207 + 71 + 62. Let z(a) = -11*j(a) - 2*m(a). What is z(1)?
4
Let o(k) = k - 2*k + 2 - 12. Suppose 7*m + 20 = 2*m, 2*u - 4*m - 56 = 0. Suppose -2*b = -3*p + 15, 5*p = 15*b - u*b - 75. Calculate o(b).
2
Let c(f) = -f**2 - 7*f - 5. Let o(z) = 6*z**2 + 3*z + 11. Let q(m) = 7*m**2 + 2*m + 12. Let a(d) = 6*o(d) - 5*q(d). Let r(j) = 5*a(j) + 6*c(j). Calculate r(3).
-15
Let u(s) = 12*s**2 - 11*s - 3. Let d(b) = -5*b**2 + 5*b + 2. Let q(t) = -5*d(t) - 2*u(t). Suppose 0 = -5*o + 4*f + 9, -8*o + 5*o - 5 = -5*f. Give q(o).
6
Let n(w) = 2*w**2 + 4*w + 4. Let x be n(-4). Let q be ((-21)/12 - -2)*x. Let l(s) be the second derivative of s**3/3 + s**2/2 + s + 5. What is l(q)?
11
Let l(a) = -a - 29. Let q be (2 - 5/2) + 897/(-138). Calculate l(q).
-22
Let b(x) = -x**3 + 6*x**2 + 10*x. Suppose -6 = 24*v - 22*v. Let k be (10/v + 1)*30/(-10). Calculate b(k).
21
Let v(i) be the first derivative of 35*i**4/24 + 5*i**2/2 - 2*i - 10. Let n(l) be the second derivative of v(l). Give n(1).
35
Suppose 422*z + 3696 = 6228. Suppose 5*y + 2*n + 0*n - 20 = 0, 3*n = 5*y + 5. Let m(a) = 3*a**2 + 2*a - 2 - 2*a**2 + 5*a**y - a**3. Calculate m(z).
10
Suppose 42*i + 595 - 721 = 0. Let w(c) be the first derivative of -13 + 1/4*c**4 - c - 1/2*c**2 + 2/3*c**i. What is w(2)?
13
Let g(f) = 16*f**3 - 3*f**2 + 2*f. Let h be -2*((6 - 7)/2 + 0). Determine g(h).
15
Let y(u) = 10*u - 79. Suppose -1160 = -167*q + 343. What is y(q)?
11
Let j(r) = r**3 + 17*r**2 + 42*r + 5. Let v be j(-14). Let y(z) be the first derivative of 6*z - v + 1/2*z**2. Give y(-6).
0
Let o(g) = -g - 6. Suppose 4*z - 4*b = 316, -3*b + 4 = 7. Suppose -31*w = -5*w + z. Give o(w).
-3
Let b(a) = 16*a - 186. Let l be (37 + (-615)/30)*4/6. What is b(l)?
-10
Let x(p) be the first derivative of -p**4/4 - 5*p**3/3 - p**2 + 3*p - 28. Suppose -2*j - 3*j = 20. Let t be (-2 - j/3)*6. Give x(t).
-5
Suppose -8 = 5*u - 5*m - 3, -4*u + m = -11. Suppose 3*s = 3*j + 3 - 15, 20 = -5*s + u*j. Let z(y) be the first derivative of -y**2/2 + 3*y - 1. What is z(s)?
7
Suppose -5*c = -n - 3, 3*n - 8 = -0*c - 2*c. Let m = c + -4. Let p(f) = -f**2 - 5*f. Let j be p(m). Let g(z) = -z + 8. Give g(j).
2
Suppose 0 = -3*v - 4*o + 22, 2*v - 2*o - 2*o + 12 = 0. Let p(d) = 3012 - 6027 + 4*d**2 + 2*d + 3014 - 4*d. Calculate p(v).
11
Let o(l) be the first derivative of l**4/4 + l**3/3 + 5*l**2/2 + 4*l + 1465. What is o(-3)?
-29
Let l(c) be the first derivative of 13*c**2/2 - 37*c + 2122. Determine l(3).
2
Let b(d) = -2*d**2 - 7*d + 13. Let q(h) = -h**2 - 3*h + 6. Let z(w) = -b(w) + 3*q(w). Calculate z(3).
-10
Let n(t) = -4*t + 1. Let g(v) = -46*v + 20. Let w(l) = -2*g(l) + 22*n(l). Calculate w(12).
30
Let p be 1122/(-935)*(-10)/(-3). Let n(v) = v**3 + 6*v**2 + v - 10.